5. Calculate the remainder when o is divided by h(l).
7
Suppose 0*n = -4*n + 580. Suppose 5*k + 0*k = n. Let j = 37 + -27. What is the remainder when k is divided by j?
9
Let b = 2 + 14. What is the remainder when 44 is divided by b?
12
Let f(n) = n + 29. Let o be f(0). Suppose o - 3 = 2*y. Calculate the remainder when y is divided by 7.
6
Let v(p) = 8*p**3 + p. Calculate the remainder when 13 is divided by v(1).
4
Let a = 75 + -73. What is the remainder when 6 is divided by a?
0
Suppose 2*d = -3*d + 20. Suppose -d*o + 23 = 7. Calculate the remainder when o is divided by (-1)/(-4) + 14/8.
0
Let b(x) = 5*x**2 - 13*x - 30. Let d(l) = -2*l**2 + 7*l + 15. Let m(a) = 3*b(a) + 7*d(a). Let q = 5 - -4. What is the remainder when m(-11) is divided by q?
8
What is the remainder when -102*((-5)/(-3) - 2) is divided by 12?
10
Let k(c) = 2*c**3 + 2*c**2 + 10*c + 2. Let n(q) = -5*q**3 - 7*q**2 - 29*q - 5. Let h(j) = -8*k(j) - 3*n(j). Calculate the remainder when 9 is divided by h(6).
4
Let s = -10 - -23. Let a = 1 + s. Calculate the remainder when a is divided by 8.
6
Suppose 5*j = 2*a + 55, -5*j + 5*a = a - 45. What is the remainder when -1 + (1*114)/3 is divided by j?
11
Let n = -14 + 20. Calculate the remainder when 16 is divided by n.
4
Suppose 0 = 4*v - 5*d - 45, 2*v + 5 - 30 = 3*d. Calculate the remainder when 74 is divided by v.
4
Let a = 17 + -7. Suppose 0*w = -2*w + a. Suppose 0 = 4*x + x - j - 11, 0 = w*x + j - 19. What is the remainder when 4 is divided by x?
1
Let g = -63 - -42. Let m be (-38)/(-7) + 9/g. Suppose -2*y + 23 = b, m*b = -2*y + 2 + 1. What is the remainder when 26 is divided by y?
12
Suppose 0 = -3*v + 9, 4*r + 3*v + 15 = 104. Let a(p) = -p**3 + p - 61. Let g be a(0). Let n = g + 99. What is the remainder when n is divided by r?
18
Let w(z) = z**3 + 2*z**2 + z + 4. Suppose 18 = 3*l - 5*x, l + 3*x = 2*x + 14. Calculate the remainder when l is divided by w(0).
3
Let r = 4 + -4. Suppose -5*d = -f + 7, 6*d = 2*d + 12. Calculate the remainder when f is divided by r + 0 - (-56)/7.
6
Suppose 3*o = -f + 62, -f + 4*o + 11 = -16. What is the remainder when f is divided by 18?
11
What is the remainder when 59 is divided by 1/(((-2)/10)/(-1))?
4
Suppose r = 4*m - 24, 3*m - 5*m = r. Let q be 170/r - (-2)/8. Let j = 39 + q. What is the remainder when j is divided by 10?
8
Let n = -38 + 66. Calculate the remainder when 109 is divided by n.
25
Let z = 3 + 1. What is the remainder when 9 is divided by (0 - z)*3/(-2)?
3
Suppose 5*d - i = -0*i + 64, 0 = d - 5*i - 8. What is the remainder when 37 is divided by d?
11
Let t(s) = 2*s**2 - 5. What is the remainder when t(4) is divided by ((-12)/8)/(3/(-20))?
7
Let y be (-2 - (0 - 3))/(-1). Let m(a) = 335 + a - 9*a**3 + 2*a**2 - 335 - 10*a**3. Calculate the remainder when 58 is divided by m(y).
18
Let o(u) = 5*u + 1 + 5 - 2*u - 3*u**2 + u**3 - 4. Let x be 1/((-3)/(-9)*1). Calculate the remainder when 32 is divided by o(x).
10
Let y(c) = c**2 - c - 2. Let k be y(-2). Let t = k - 1. Let x = 21 + -14. What is the remainder when x is divided by t?
1
Suppose 2*m - 3*m = -2*c - 4, -3*c = m + 11. Let i be (m - -4) + 7 + -2. Suppose 0*w - w = -i. What is the remainder when 11 is divided by w?
4
Let w(v) = v**3 + 13*v**2 + v + 5. Let m be w(-13). What is the remainder when 19 is divided by 6*-1*m/12?
3
Let o(p) = -p**3 - 7*p**2 - 8*p + 2. Let t = 10 + -16. Let h = 7 - 2. Calculate the remainder when o(t) is divided by h.
4
Let o(k) = k**2 + 4*k + 3. Suppose -4*h + 6 = 2*s + 22, -11 = h + 4*s. Calculate the remainder when o(-4) is divided by (5/h)/(5/(-6)).
1
Let z be -3 + 21 + 1 - -2. Let v = 9 + z. What is the remainder when v is divided by 8?
6
Let w = -51 + 74. Calculate the remainder when 85 is divided by w.
16
Suppose 7*m - 772 + 9 = 0. Calculate the remainder when m is divided by 22.
21
Let g(r) = -35*r**3 - r**2 + 1. Calculate the remainder when g(-1) is divided by 12.
11
Suppose 10 = -3*w + 8*w. Suppose 0 = 4*l - u - w*u + 14, -3*l + 3*u - 9 = 0. Let r = 12 + l. Calculate the remainder when 26 is divided by r.
5
Suppose 8 = -4*w + 5*u, 0 = w - u + 1. Calculate the remainder when (-7)/(7/(-8)) - 0 is divided by w.
2
Suppose -4 = o - 15. Let j = 0 - o. Let i = 0 - j. Calculate the remainder when i is divided by 6.
5
Suppose -2*a - 7 = 3. Let i = -3 - a. Suppose 5*l - 3*r - 49 = 0, 3*l + 5*r - 65 = -i*l. What is the remainder when l is divided by 4?
3
Suppose s - 6*w + w + 1 = 0, 5*s - 4*w = 79. Suppose 4*t - 20 = -0*t. Calculate the remainder when s is divided by t.
4
Let s = 14 - -9. What is the remainder when s is divided by 6?
5
Let b = -10 + 35. Suppose -l = -4*r - 4, r = -4*l - 12 - 6. Calculate the remainder when b is divided by (6/l)/((-1)/6).
7
Suppose 321 = 4*m + 21. Calculate the remainder when m is divided by 19.
18
Let c = -20 + 53. Calculate the remainder when 97 is divided by c.
31
Let d(l) = l + 19. Let m be d(-13). Let c(b) = b**3 - 7*b**2 + 6*b + 2. Calculate the remainder when (-2)/8 + 13/4 is divided by c(m).
1
Let r = -1 + -3. Let d = r + 3. Calculate the remainder when 17*d/1*-3 is divided by 13.
12
Suppose 0*k - 228 = -3*k + 5*p, k + 3*p - 62 = 0. Let x = k - 41. What is the remainder when x is divided by 16?
14
Let u(c) = 18*c**2 + 2*c - 1. Let p(i) = -i + 5. Let s be p(4). What is the remainder when u(s) is divided by 25/(-9) - 8/36 - -10?
5
Let q = 8 - 5. Suppose -w = -3*g + 8*g - 52, q*g + w = 30. Calculate the remainder when 20 is divided by g.
9
Suppose 2*m - 22 = 22*o - 20*o, 4*o - 33 = -3*m. Suppose s - 5*c - 3 = 0, -2*s = -0*s - c + 3. What is the remainder when (-5)/(-4)*(s - -26) is divided by m?
8
Let g(s) = -s**2 - 18*s + 10. Calculate the remainder when g(-7) is divided by 15.
12
Let j(n) = -6*n**3 - n**2 + 1. Let a(s) = 3*s - 19. What is the remainder when j(-2) is divided by a(14)?
22
Let j = 2 + 1. What is the remainder when ((-144)/30 + 6)/(4/10) is divided by j?
0
Suppose 2*n - 3*i - 25 = 0, 7*n - 12 = 4*n - 4*i. Calculate the remainder when 37 is divided by n.
5
Let m = -15 - -9. What is the remainder when (-4)/m*(4 - -59) is divided by 15?
12
Suppose 19*f - 21*f + 118 = 0. What is the remainder when f is divided by 15?
14
Let j = -8 + 7. Let w(g) = -11*g. What is the remainder when w(j) is divided by 6?
5
Let j be 6 - ((-2)/(-2) + -1). Let d(l) = 3*l - 5. Let m be d(j). Let p = m - -10. What is the remainder when 67 is divided by p?
21
Let q(x) = -x + 11. Calculate the remainder when 49 is divided by q(-6).
15
Let i(c) = -c**3 + 5*c**2 + c - 2. Calculate the remainder when i(4) is divided by (-1)/1*30/18*-3.
3
Let i = -5 + 9. Suppose 0 + 3 = a. Calculate the remainder when i is divided by a.
1
Suppose -2*h + 38 = 26. Let t = -11 + 7. Let a(x) = x**2 + x + 4. Calculate the remainder when a(t) is divided by h.
4
Let x = -129 + 185. Suppose -6*c - 131 = -q - 3*c, 0 = c + 3. Suppose -71 = -4*b - f, -4*f - q = -4*b - 26. What is the remainder when x is divided by b?
18
Calculate the remainder when 738/14 + (0 - (-8)/28) is divided by 11.
9
Let u be ((-36)/8)/(1/(-2)). Let m = 23 - u. Calculate the remainder when 25 is divided by m.
11
Suppose x = -4*y - 2 - 4, 2*x + 5*y = -6. Let s be (-3)/(-6)*-3*6. Let a = x - s. Calculate the remainder when a is divided by 4.
3
Suppose 0*a - 5 = a. Let p(f) = -f**3 - 4*f**2 + f. What is the remainder when p(a) is divided by 7?
6
Suppose 0*r - 2*z - 4 = -4*r, 4*z = -8. Let v = 4 + r. Calculate the remainder when 19 is divided by v/(-5)*(-75)/6.
9
Calculate the remainder when (-9)/(148/(-36) - -4) is divided by 21.
18
Let l = 22 + -7. What is the remainder when 44 is divided by l?
14
Let z be (-2)/6 - (-34)/(-6). Let h be (0 - 1) + z + -3. Let w = -1 - h. What is the remainder when 25 is divided by w?
7
Calculate the remainder when 6 is divided by -2 + (7 - 3) - -1.
0
Suppose -a = -1 - 0. Let q be (3*a)/(8/(-40)). What is the remainder when 5/(1*(-3)/q) is divided by 9?
7
Suppose 8 = 2*p - 2. Let u(r) = -5 - r**3 + p + 9 + 0*r**3 - r**2. Calculate the remainder when 35 is divided by u(0).
8
Let z(h) = h**3 + 7*h**2 + 6*h - 3. Let p be z(-6). Calculate the remainder when 27 is divided by 21*p*(-2)/9.
13
Suppose 3*k = -z + 5*z + 53, -7 = -k + 4*z. Suppose k + 52 = 3*m. What is the remainder when m is divided by 14?
11
Let m(p) = -15*p 